s digit of 787963640?
9
What is the hundreds digit of 2339148142?
1
What is the hundred millions digit of 676560232?
6
What is the hundred thousands digit of 1127910031?
9
What is the hundred thousands digit of 43710716?
7
What is the hundreds digit of 234570398?
3
What is the hundred thousands digit of 129383713?
3
What is the ten millions digit of 4701456516?
0
What is the millions digit of 1243090985?
3
What is the hundred thousands digit of 947698250?
6
What is the units digit of 694913567?
7
What is the ten thousands digit of 927767033?
6
What is the millions digit of 86607418?
6
What is the hundreds digit of 56055817?
8
What is the hundred millions digit of 512659566?
5
What is the tens digit of 246761999?
9
What is the tens digit of 12670117?
1
What is the hundreds digit of 2508263886?
8
What is the tens digit of 3249852118?
1
What is the thousands digit of 59721558?
1
What is the millions digit of 1339054398?
9
What is the units digit of 6027319821?
1
What is the ten thousands digit of 2280655?
8
What is the hundred thousands digit of 423986072?
9
What is the hundred millions digit of 1049074380?
0
What is the units digit of 22141589?
9
What is the ten millions digit of 15427589?
1
What is the tens digit of 542516085?
8
What is the tens digit of 620488107?
0
What is the units digit of 289436789?
9
What is the ten millions digit of 36580563?
3
What is the tens digit of 13893832?
3
What is the units digit of 2784614?
4
What is the billions digit of 1508128206?
1
What is the hundred thousands digit of 71575945?
5
What is the ten millions digit of 90313244?
9
What is the hundred millions digit of 174451207?
1
What is the units digit of 1502063439?
9
What is the hundred millions digit of 151632166?
1
What is the thousands digit of 110650470?
0
What is the hundred millions digit of 359046464?
3
What is the hundred thousands digit of 396838541?
8
What is the ten thousands digit of 1258578252?
7
What is the hundred millions digit of 196046949?
1
What is the millions digit of 361128962?
1
What is the millions digit of 36879981?
6
What is the units digit of 14356186?
6
What is the thousands digit of 3276070381?
0
What is the hundred thousands digit of 38977759?
9
What is the millions digit of 37810044?
7
What is the hundred thousands digit of 554165891?
1
What is the hundreds digit of 270125093?
0
What is the ten thousands digit of 3274995118?
9
What is the thousands digit of 64075865?
5
What is the tens digit of 139829617?
1
What is the units digit of 5749430802?
2
What is the ten millions digit of 3105472723?
0
What is the ten thousands digit of 37290817?
9
What is the thousands digit of 91014277?
4
What is the hundreds digit of 85489843?
8
What is the thousands digit of 8558656?
8
What is the tens digit of 74294953?
5
What is the ten millions digit of 1990286962?
9
What is the hundred thousands digit of 250061577?
0
What is the hundred millions digit of 709016823?
7
What is the ten thousands digit of 28801367?
0
What is the ten millions digit of 118496098?
1
What is the thousands digit of 525695792?
5
What is the hundreds digit of 144917057?
0
What is the millions digit of 110185140?
0
What is the hundreds digit of 81350975?
9
What is the hundreds digit of 225078748?
7
What is the tens digit of 397234313?
1
What is the hundred millions digit of 275875587?
2
What is the thousands digit of 1087223967?
3
What is the thousands digit of 42521162?
1
What is the ten thousands digit of 33560332?
6
What is the billions digit of 2748963732?
2
What is the ten thousands digit of 77640349?
4
What is the thousands digit of 588648169?
8
What is the thousands digit of 96864848?
4
What is the hundred thousands digit of 601847263?
8
What is the hundreds digit of 1782685291?
2
What is the ten thousands digit of 827572213?
7
What is the ten millions digit of 6579511139?
7
What is the hundred millions digit of 6846021216?
8
What is the units digit of 665294062?
2
What is the ten thousands digit of 2361680976?
8
What is the ten thousands digit of 735936966?
3
What is the hundred thousands digit of 1216512809?
5
What is the ten thousands digit of 563808593?
0
What is the thousands digit of 258298991?
8
What is the ten thousands digit of 68647138?
4
What is the hundred thousands digit of 1365145974?
1
What is the ten millions digit of 61549253?
6
What is the ten thousands digit of 2857502984?
0
What is the tens digit of 31581287?
8
What is the millions digit of 35036540?
5
What is the hundred thousands digit of 3141371197?
3
What is the ten millions digit of 479609044?
7
What is the tens digit of 272886988?
8
What is the millions digit of 9368920?
9
What is the tens digit of 3169305627?
2
What is the ten millions digit of 1317118753?
1
What is the hundred thousands digit of 5777346?
7
What is the tens digit of 787859640?
4
What is the thousands digit of 1421424853?
4
What is the hundreds digit of 29081268?
2
What is the ten thousands digit of 261979344?
7
What is the hundred thousands digit of 79703150?
7
What is the millions digit of 4503754?
4
What is the ten millions digit of 3399047394?
9
What is the thousands digit of 70948135?
8
What is the hundred thousands digit of 1778155708?
1
What is the units digit of 16310171?
1
What is the billions digit of 2894454522?
2
What is the hundred thousands digit of 141987093?
9
What is the hundred thousands digit of 1998015182?
0
What is the units digit of 399220509?
9
What is the hundreds digit of 885781494?
4
What is the ten thousands digit of 623491791?
9
What is the hundred millions digit of 1541169774?
5
What is the ten millions digit of 85945342?
8
What is the hundred thousands digit of 296445425?
4
What is the ten thousands digit of 48215718?
1
What is the hundred thousands digit of 3206850350?
8
What is the units digit of 63706771?
1
What is the units digit of 219952279?
9
What is the hundreds digit of 101284481?
4
What is the hundred millions digit of 941055752?
9
What is the ten thousands digit of 88312625?
1
What is the hundred millions digit of 638463400?
6
What is the hundreds digit of 8461625?
6
What is the millions digit of 4511175546?
1
What is the hundreds digit of 1937532?
5
What is the units digit of 32680380?
0
What is the ten thousands digit of 2270006816?
0
What is the units digit of 595368007?
7
What is the ten thousands digit of 79264237?
6
What is the units digit of 3643587733?
3
What is the ten millions digit of 14892513?
1
What is the millions digit of 3630661006?
0
What is the ten millions digit of 1362147523?
6
What is the billions digit of 1095118496?
1
What is the ten thousands digit of 58112578?
1
What is the tens digit of 793785431?
3
What is the hundred thousands digit of 184837?
1
What is the ten millions digit of 2670397209?
7
What is the hundred thousands digit of 3354302865?
3
What is the units digit of 24553366?
6
What is the hundred thousands digit of 2114850197?
8
What is the hundred thousands digit of 252610895?
6
What is the hundreds digit of 1012641985?
9
What is the millions digit of 53371818?
3
What is the ten millions digit of 111338152?
1
What is the ten thousands digit of 27919161?
1
What is the units digit of 5167400262?
2
What is the hundreds digit of 22672809?
8
What is the hundred millions digit of 1179867771?
1
What is the hundreds digit of 3457958728?
7
What is the hundreds digit of 447265954?
9
What is the hundred thousands digit of 189137400?
1
What is the tens digit of 147670788?
8
What is the ten thousands digit of 516959727?
5
What is the units digit of 2232911144?
4
What is the hundred thousands digit of 3066713030?
7
What is the ten millions digit of 926998762?
2
What is the thousands digit of 2177357505?
7
What is the hundreds digit of 116547032?
0
What is the units digit of 37768735?
5
What is the units digit of 79170413?
3
What is the units digit of 76906938?
8
What is the tens digit of 2179321928?
2
What is the hundreds digit of 129087880?
8
What is the ten millions digit of 568421498?
6
What is the millions digit of 995714547?
5
What is the units digit of 28822149?
9
What is the ten thousands digit of 1522351483?
5
What is the millions digit of 666957200?
6
What is the hundred millions digit of 101248385?
1
What is the hundred millions digit of 422490386